 p be (-100)/(-10) - (156/24 + 11)*-2. Calculate the greatest common divisor of p and z.
5
Let g = -84598 + 84862. Suppose y - 23 = -3*m - 4, 0 = -m - 5*y + 11. Suppose -2*l - 96 = -m*l. What is the greatest common factor of g and l?
24
Let y = -73 - -83. Let c be (y/15)/((-2)/(-6)). Suppose 16 = c*m + 2*m. What is the greatest common factor of 36 and m?
4
Let m(s) = 4*s**2 + 70*s - 4. Let h be m(-21). Calculate the greatest common divisor of 58 and h.
58
Let h = -4236 - -6065. Calculate the highest common divisor of 177 and h.
59
Let y(i) = 10*i - i**2 - 6*i + 6*i - 24. Let a be y(5). Suppose 0*m + 4*m = -4*x + 56, 4*m - 34 = -2*x. What is the greatest common factor of a and x?
1
Suppose a - 59 = -4*i, -5*a + 57 = -12*i + 15*i. What is the greatest common divisor of i and 959?
7
Let h(g) = 2*g**2 - 28*g - 67. Let k be h(16). Let f be k/(-12) - 22872/(-32). What is the highest common factor of 110 and f?
55
Suppose z - 3*z + 288 = 0. Let g(h) = 4*h**3 + h**2 - 5*h + 3. Let x be g(3). Let k be ((-12)/10)/((-7)/x). Calculate the highest common factor of k and z.
18
Suppose 29*l + 294 = 1048. Let c be 2 + -13 - (-4)/4. Let z be ((-78)/c)/((-6)/(-60)). Calculate the greatest common divisor of z and l.
26
Let r = 27006 - 26619. What is the highest common divisor of 9933 and r?
129
Let x(d) = -d**3 - d**2 - 2*d + 2. Let a be x(0). Let g be -21 + 21 + 18*a. Let o be (g/8)/(10/(-16) + 1). Calculate the highest common factor of o and 12.
12
Let o(r) = 2*r**3 - 8*r**2 + 8*r - 4. Let u be o(3). Let v be (75/u)/(((-28)/16)/(-7)). What is the highest common divisor of v and 30?
30
Let t be 88/10*(1605/30 + 4). What is the greatest common divisor of t and 220?
22
Suppose 0 = -7*d + 2*d + 25. Let h be d/60*4*96. Suppose -36*g + 2681 - 953 = 0. What is the highest common divisor of g and h?
16
Suppose -1606 = -98*a + 1432. Calculate the highest common divisor of 17639 and a.
31
Let f(x) = x**3 + 14*x**2 + 11*x + 10. Let c be f(-11). Suppose 3*q - 756 = c. Calculate the highest common factor of 42 and q.
42
Let n = -60 + 61. Let x(g) = 159*g**3 + g**2 - 2*g + 2. Let h be x(n). What is the greatest common divisor of h and 60?
20
Let q(t) = t**3 + 22*t**2 + 16*t - 31. Let z be (-1)/4 - ((-164)/16 - 0). Suppose -w - z = 11. Let h be q(w). What is the greatest common divisor of h and 111?
37
Suppose 2*t + 2*s - 553 = -33, 2*t - 518 = -4*s. Calculate the highest common factor of 29 and t.
29
Suppose -11*q + 3320 + 3298 - 2042 = 0. Calculate the highest common factor of q and 224.
32
Suppose -f - 3*w - 5 = -41, -f + 4*w + 36 = 0. Calculate the greatest common divisor of 135 and f.
9
Suppose -448*z + 6766211 = -65*z - 2230459. What is the greatest common divisor of 540 and z?
270
Let t be (-102)/((-34)/14 + 10/5). What is the highest common factor of t and 1020?
34
Let v = 2 - 0. Suppose -5*k = v*a - 433, -5*k + 59 = -5*a + 1054. Suppose -936*l + 22118 + 9706 = 0. What is the highest common divisor of l and a?
34
Suppose 2*x - 8*b - 2900 = 0, 3*x - 5*b = 2703 + 1668. Calculate the highest common divisor of 136 and x.
34
Let t(g) = -g**3 - 7*g**2 - g + 12. Let n(i) = -4*i - 74 - 14 + 3 + 10. Let s be n(-17). Let f be t(s). What is the greatest common factor of f and 38?
19
Suppose -4*a - 243 = 53. Let b = -69 - a. Let j be 3 + (-3 + b - 1*-70). Calculate the greatest common divisor of 15 and j.
15
Let r = 1639 + 573. Calculate the greatest common divisor of r and 56.
28
Let s = -28 + 27. Let d be (-2)/(s - (-3 + 3)). Suppose -3*l - 7 + 19 = 0, -48 = -d*f - 2*l. What is the highest common divisor of 10 and f?
10
Suppose 18 = 5*t - 17. Suppose 0 = t*y + 5*y - 84. Calculate the greatest common factor of 56 and y.
7
Let m be (115/25 + -3)/(2/10) + 484. Calculate the highest common factor of m and 779.
41
Suppose 39*n = 40*n. Suppose 5*q - 474 + 114 = n. What is the highest common factor of 24 and q?
24
Let q(p) be the first derivative of 88*p**3/3 + 7*p**2 - p - 68. Let g be q(-2). Calculate the greatest common factor of g and 19.
19
Let a = 17290 - 17302. Let g(u) = -u**3 + 2*u**2 + 4*u + 1. Let i be g(5). Let d be (-1073)/(-9) + 0 - a/i. What is the highest common divisor of d and 7?
7
Suppose -608 = -r - r. Let x(k) = -k**3 - 18*k**2 - 43*k + 34. Let t be x(-15). Suppose -t*a + 60 = -r. Calculate the greatest common factor of a and 13.
13
Suppose 0*n - 8 = -4*n. Suppose -4*f + 4 = -n*f. Suppose -f*t + 50 = -5*y, -t = 3*t + 2*y - 100. What is the greatest common divisor of t and 5?
5
Let k = -1043 - -1070. Let y(s) = 305*s - 5. Let c be y(4). Suppose 2*z - 7*z = -c. Calculate the greatest common divisor of k and z.
27
Let g(j) = -j - 2. Let l(x) = -x + 11. Let k(f) = -2*g(f) + l(f). Let c be k(-5). Let q be 28*(1 - 0) - -2. Calculate the greatest common divisor of q and c.
10
Suppose 0 = -5*t - k + 63463, -k - 6 = -9. What is the greatest common factor of t and 76?
76
Suppose 4*t = -5*m + 25 + 2, -5*t + 3*m + 6 = 0. Calculate the greatest common factor of t and 345.
3
Suppose -465 = -y - 103. Suppose 1121 = 11*s + y. Calculate the highest common divisor of 23 and s.
23
Suppose 32*w - 462 = 6450. Calculate the greatest common divisor of 156 and w.
12
Let p = -5180 + 5277. Calculate the greatest common divisor of p and 1.
1
Suppose -179*w + 110*w = -86*w + 765. Calculate the highest common divisor of w and 2280.
15
Suppose 6*c - 1650 - 2491 = 1745. Calculate the highest common factor of c and 218.
109
Let i be 4/(-6)*((-27219)/86)/((-2)/(-124)). What is the highest common divisor of i and 62?
62
Let g = 558 + -582. Let m be (g/21)/(-1) + 3/(-21). Calculate the highest common divisor of 73 and m.
1
Let z(b) = 13*b - 15. Suppose 0 = -2*f, -1 = 2*c + 2*f - 15. Let y be z(c). Calculate the greatest common divisor of y and 190.
38
Suppose -3*c + 693 + 188 = 5*d, -1451 = -5*c - 4*d. Let l = -257 + c. Calculate the greatest common factor of l and 330.
30
Suppose -3*f + 5*c = 196 - 671, 0 = -2*f - 5*c + 350. Calculate the greatest common factor of 420 and f.
15
Let u(r) = -4*r**2 - 4*r + 4. Let f be u(2). Let x = f - -40. Let p be 12/3 - (0 - x). Calculate the greatest common divisor of 8 and p.
8
Suppose 58 = 4*g + 2*x, 6*g - 79 = 2*g + 5*x. Suppose -3*k = -2*q - 108, 0 = -3*k - q + 79 + 47. Calculate the highest common factor of k and g.
8
Let o be (-56)/(-12) - 5/(-15). Suppose -2*t = -0*t + 2, -2*m + 167 = o*t. What is the greatest common divisor of m and 129?
43
Let p = 130 - -21. Suppose 164*a = p*a + 52. Calculate the highest common divisor of 128 and a.
4
Let t be (1 + -1)*(4 - 0)/(-4). Suppose t = -0*r + 19*r - 76. Calculate the highest common divisor of r and 3.
1
Let j(d) = -d**3 - 120*d**2 - 467*d + 363. Let s be j(-116). Calculate the highest common divisor of s and 441.
9
Suppose 0 = 4*n + 5*j - 7642, 5*n - 13199 = 2*j - 3663. Calculate the highest common factor of n and 180.
36
Let a(h) = -3*h**3 - 104*h**2 + 118*h - 34. Let y be a(-36). What is the highest common factor of 328 and y?
82
Suppose -4*z + 48954 = 2*x - 12560, 0 = 3*x - 2*z - 92247. What is the highest common factor of 23 and x?
23
Let m = 170 + -165. Suppose 10*d - 150 = m*d. Let u(x) = 19*x**3 - 2*x**2 + 3*x. Let b be u(2). What is the highest common divisor of d and b?
30
Let x = -11 - -15. Let r(h) = -h**2 + 13*h - 6. Let w be r(x). Calculate the highest common divisor of 30 and w.
30
Suppose 4*h + 8651 = 9*p, 3*p - 3*h = 3437 - 560. What is the highest common factor of 749 and p?
107
Let m(y) = -y**3 + 25*y**2 - 47*y + 21. Let x be m(23). Let j be 4/(-6)*x*81/6. Calculate the highest common divisor of j and 42.
6
Let q(d) = -107*d + 1. Let x(a) = -a**2 + 4*a + 31. Let j be x(-4). Let n be q(j). Let r be 18 - -5 - 2/(-2). What is the highest common factor of n and r?
12
Suppose 3*r - 30 = 168. Let a(b) = -b**3 - 6*b**2 - 82*b - 674. Let p be a(-8). What is the highest common divisor of r and p?
22
Let s = 22084 - 22068. Calculate the greatest common factor of s and 186.
2
Suppose 453*m - 28643 - 43490 = 39758. Let c = 103 + -46. Calculate the highest common factor of c and m.
19
Suppose -2*n + d = -41471, 4*n - 2*d - 82914 = -4*d. What is the greatest common divisor of 584 and n?
292
Let t be 31960/1645*((-1)/3)/((-2)/42). Calculate the greatest common factor of 68 and t.
68
Suppose 5*g + 79 =